?
50
What is the highest common factor of 514875 and 30750?
375
Calculate the greatest common factor of 68299740 and 10530.
270
What is the greatest common divisor of 43059657 and 34?
17
What is the greatest common divisor of 6075 and 1023175?
25
Calculate the highest common factor of 314 and 135135238.
314
Calculate the greatest common divisor of 10041671 and 133.
19
What is the highest common divisor of 767 and 675805?
13
What is the highest common divisor of 23068 and 230826?
146
What is the greatest common factor of 197438370 and 430?
430
Calculate the highest common divisor of 618 and 448874.
206
Calculate the highest common factor of 13987064 and 273.
91
Calculate the greatest common factor of 1970682214 and 62.
62
Calculate the greatest common factor of 16856 and 7839416.
344
What is the highest common divisor of 5237860 and 220?
20
What is the greatest common divisor of 710050 and 181830?
110
What is the highest common factor of 49554 and 90?
18
Calculate the highest common factor of 20 and 156992210.
10
Calculate the greatest common divisor of 1979385 and 195.
15
Calculate the highest common divisor of 11743271 and 46.
23
What is the highest common factor of 3713 and 1037572?
47
What is the greatest common divisor of 275 and 8830475?
25
What is the greatest common factor of 15636096 and 576?
576
What is the highest common factor of 14380 and 4857940?
20
What is the highest common divisor of 2682094940 and 35?
35
What is the highest common divisor of 16587 and 231993?
9
Calculate the highest common factor of 800 and 7716850.
50
What is the greatest common factor of 97154 and 57598?
62
What is the greatest common factor of 166 and 2062052?
166
What is the greatest common factor of 46662 and 520058?
154
Calculate the greatest common divisor of 1108898 and 82194.
1442
What is the greatest common divisor of 516 and 5131878?
258
What is the highest common divisor of 31602423 and 8370?
93
Calculate the highest common factor of 119826 and 3024.
378
What is the greatest common factor of 607035 and 6435?
2145
Calculate the greatest common divisor of 10734186 and 148712.
1282
Calculate the highest common factor of 19405 and 20810.
5
What is the highest common factor of 10829 and 1464904?
49
What is the highest common factor of 160283326 and 3066?
1022
Calculate the greatest common divisor of 110177754 and 3624.
906
Calculate the greatest common factor of 543 and 45091806.
543
Calculate the highest common divisor of 3935775 and 100.
25
Calculate the highest common divisor of 387250 and 1100.
50
What is the greatest common divisor of 28881 and 423212547?
9627
What is the highest common factor of 16904 and 35921?
2113
Calculate the highest common divisor of 344469 and 1393.
199
Calculate the greatest common divisor of 271594 and 1688864.
1186
What is the highest common factor of 5652 and 15004647?
1413
Calculate the greatest common divisor of 360067 and 326.
163
What is the highest common factor of 29783062 and 14568?
1214
What is the greatest common factor of 2277333 and 395?
79
What is the highest common factor of 946501773 and 4255?
851
Calculate the greatest common factor of 175 and 82868275.
175
Calculate the greatest common divisor of 520572 and 6864.
156
Calculate the greatest common divisor of 1881 and 1464903.
99
What is the highest common factor of 413 and 228140433?
59
Calculate the highest common factor of 300 and 452178600.
300
Calculate the highest common factor of 8744301 and 16560.
207
Calculate the greatest common divisor of 992670 and 280.
70
Calculate the highest common divisor of 8962673 and 3065.
613
Calculate the highest common factor of 2192366 and 1122.
22
Calculate the greatest common factor of 26147908 and 87.
29
Calculate the greatest common factor of 64 and 4902632.
8
Calculate the highest common factor of 2706 and 2326914.
246
Calculate the greatest common factor of 7530 and 699537.
753
What is the highest common divisor of 9344 and 2456231?
73
What is the greatest common factor of 1558 and 6780024942?
1558
Calculate the highest common factor of 803 and 10441409.
803
What is the highest common divisor of 91 and 3944864?
7
Calculate the greatest common divisor of 12706875 and 7.
1
Calculate the highest common divisor of 432 and 16257.
3
Calculate the greatest common factor of 7584 and 4945242.
474
What is the greatest common factor of 22 and 609116684?
22
Calculate the highest common factor of 74198 and 3220.
46
What is the greatest common factor of 843411 and 369?
123
What is the greatest common divisor of 576436 and 17?
17
Calculate the greatest common divisor of 12 and 42140136.
12
What is the greatest common divisor of 381 and 120294400?
127
Calculate the highest common factor of 141 and 217449.
3
What is the greatest common factor of 3136 and 6783168?
3136
Calculate the greatest common divisor of 196709311 and 199.
199
Calculate the greatest common factor of 2270216 and 841288.
664
Calculate the highest common factor of 877328 and 944.
16
Calculate the greatest common factor of 862460 and 84680.
580
Calculate the highest common divisor of 705224254 and 7049.
7049
Calculate the greatest common factor of 2725 and 1244453.
109
What is the highest common factor of 1404 and 37564124?
52
What is the greatest common factor of 1004358630 and 1405?
1405
Calculate the greatest common factor of 2624 and 3920420.
164
What is the greatest common factor of 5103 and 5241348?
567
What is the greatest common factor of 926410 and 2160?
10
Calculate the highest common divisor of 76198 and 84878.
62
What is the greatest common factor of 9 and 444438801?
9
What is the greatest common factor of 810104 and 9585200?
6184
Calculate the greatest common factor of 2183 and 525926.
59
What is the highest common factor of 257214 and 477264?
978
What is the highest common divisor of 39651055 and 3?
1
Calculate the highest common divisor of 920031 and 7913.
193
Calculate the highest common divisor of 370370 and 5736665.
2035
What is the highest common divisor of 20716475 and 6075?
25
What is the highest common divisor of 2818 and 61815648?
2818
What is the highest common factor of 308 and 173593?
7
Calculate the highest common factor of 134057427 and 357.
357
Calculate the highest common divisor of 1067989 and 949.
13
What is the highest common factor of 1474047 and 1863?
207
What is the highest common divisor of 14060148 and 2220?
444
What is the greatest common divisor of 4221 and 315059661?
4221
What is the greatest common divisor of 75852 and 40506?
258
What is the greatest common factor of 342969 and 208164?
627
Calculate the greatest common divisor of 388 and 866980.
4
Calculate the greatest common divisor of 1881 and 76345401.
627
What is the greatest common factor of 174819192 and 319?
29
What is the greatest common divisor of 213414618 and 17244?
2874
What is the highest common factor of 10105216 and 256?
128
Calculate the highest common factor of 1133 and 2363649871.
1133
Calculate the greatest common divisor of 213354 and 559286.
878
What is the highest common divisor of 2440 and 24640706?
122
What is the highest common factor of 41454 and 14114646?
882
What is the highest common factor of 1093848 and 5208?
168
What is the highest common factor of 253126 and 43409220?
3778
What is the greatest common divisor of 700995265 and 115?
115
What is the highest common factor of 6221800 and 585?
65
What is the highest common factor of 1491 and 174708351?
213
Calculate the highest common divisor of 13956586 and 294.
14
Calculate the highest common factor of 31671 and 197625.
51
Calculate the highest common divisor of 96101 and 31450.
17
What is the greatest common factor of 115 and 1839923640?
115
Calculate the highest common factor of 5803486 and 143.
13
What is the highest common divisor of 171747939 and 12366?
687
Calculate the greatest common factor of 201 and 3647949.
201
Calculate the greatest common divisor of 321 and 88873879.
107
What is the highest common divisor of 45394400 and 3804?
1268
What is the greatest common divisor of 189 and 556647?
21
Calculate the highest common divisor of 4179 and 3804.
3
Calculate the highest common divisor of 140315 and 5275.
1055
Calculate the greatest common factor of 20 and 12697380.
20
Calculate